{"id":10374,"date":"2012-09-19T19:31:06","date_gmt":"2012-09-19T18:31:06","guid":{"rendered":"http:\/\/terragina.de\/blog\/?page_id=10374"},"modified":"2013-01-16T16:12:03","modified_gmt":"2013-01-16T15:12:03","slug":"52-pics-of-a-year","status":"publish","type":"page","link":"https:\/\/terragina.de\/blog\/52-pics-of-a-year\/","title":{"rendered":"52 Pics Of A Year"},"content":{"rendered":"<p><a title=\"Martins 52 Pics Of The Year\" href=\"http:\/\/www.dieblogbar.de\/?p=5008\"><img loading=\"lazy\" decoding=\"async\" src=\"http:\/\/terragina.de\/blog\/wp-content\/uploads\/2012\/09\/52_pics_of_a_year.jpg\" width=\"100\" height=\"100\" alt=\"52_pics_of_a_year.jpg\" style=\"float:left; margin-right:10px; margin-bottom:10px;\" \/><\/a> Es ist mitten im Jahr, 2\/3 sind schon herum. Aber bei sch\u00c3\u00b6nen Fotoprojekten kann ich eigentlich selten widerstehen. Vor ein paar Tagen hat Martin eine tolle Idee gehabt. So toll, dass ich nun doch versuchen m\u00c3\u00b6chte, daran teil zu nehmen. Ich bin ja anfangs immer sehr motiviert, nur bei manchen Dingen l\u00c3\u00a4sst das dann doch im Laufe der Zeit, wie man vor zwei Jahren an einer anderen Blogaktion und in diesem Jahr bei \u00e2\u20ac\u017e12PetPix12\u00e2\u20ac\u009d leider auch wieder sehen konnte. Aber ich bin guten Willens. Aufgrund der Flexibilit\u00c3\u00a4t der Regeln denke ich, diese Sache ist machbar. ;)<\/p>\n<p>Wie das Ganze funktioniert, kannst Du am besten <a href=\"http:\/\/www.dieblogbar.de\/?p=5008\" title=\"Martins Blogbar-Projekt \u00e2\u20ac\u017e52 Pics of the year\u00e2\u20ac\u009d\">hier<\/a> nachlesen.<\/p>\n<p>Hier nun die Liste der 52 Themen, die Martin sich f\u00c3\u00bcr uns ausgedacht hat. Ziel ist es, jedes Thema innerhalb eines Jahres \u00e2\u20ac\u017eabzuarbeiten\u00e2\u20ac\u009d, wobei die Reihenfolge frei w\u00c3\u00a4hlbar bleibt.<\/p>\n<p>Ich werde die Themen, die ich im Laufe der Zeit im Foto umgesetzt habe, in dieser Liste verlinken. Je sp\u00c3\u00a4ter im Jahr, desto gr\u00c3\u00b6\u00c3\u0178er die Herausforderung\u00e2\u20ac\u00a6 ich bin gespannt (und Ihr sicher auch). Vielleicht \u00c3\u00a4rgere ich mich ja auch in ein paar Monaten \u00c3\u00bcber mich, es wieder mal nicht geschafft zu haben.<\/p>\n<p>Aber, lieber Martin, ich bin bem\u00c3\u00bcht! :yes1:<\/p>\n<p><\/p>\n<p>1. <a href=\"http:\/\/terragina.de\/blog\/2012\/09\/26\/ganz-schon-finster\/\" title=\"Mein Blick aus dem Fenster\">Mein Blick aus dem Fenster<\/a><\/p>\n<p>2. <a href=\"http:\/\/terragina.de\/blog\/2012\/10\/07\/sonntags-spaziergang\/\" title=\"Mein Beitrag zum Thema Wolkenreich\">Wolkenreich<\/a><\/p>\n<p>3. <a href=\"http:\/\/terragina.de\/blog\/2012\/10\/19\/fruh-am-morgen\/\" title=\"Fr\u00c3\u00bch am Morgen\">fr\u00c3\u00bch am Morgen<\/a><\/p>\n<p>4. <a href=\"http:\/\/terragina.de\/blog\/2012\/11\/16\/das-wochenende-ist-gerettet\/\" title=\"Ohne gehts nicht\">Ohne gehts nicht<\/a><\/p>\n<p>5. Neugierig<\/p>\n<p>6. total bunt<\/p>\n<p>7. Wundersch\u00c3\u00b6n<\/p>\n<p>8. Erinnerungen<\/p>\n<p>9. Unterwegs<\/p>\n<p>10. ganz individuell<\/p>\n<p>11. naturverbunden<\/p>\n<p>12. motorisiert<\/p>\n<p>13. <a href=\"http:\/\/terragina.de\/blog\/2012\/11\/25\/die-kleinste-bibliothek-der-welt\/\" title=\"Die kleinste Bibliothek der Welt\">Ungew\u00c3\u00b6hnlich<\/a><\/p>\n<p>14. Es gr\u00c3\u00bcnt<\/p>\n<p>15. \u00e2\u20ac\u0153Mein Heiligtum\u00e2\u20ac\u009d<\/p>\n<p>16. <a href=\"http:\/\/terragina.de\/blog\/2012\/12\/02\/ganz-schon-nass\/\" title=\"ganz sch\u00c3\u00b6n nass\">ganz sch\u00c3\u00b6n nass<\/a><\/p>\n<p>17. richtig s\u00c3\u00bc\u00c3\u0178<\/p>\n<p>18. Lieblingsplatz<\/p>\n<p>19. lustig<\/p>\n<p>20. ganz nah<\/p>\n<p>21. immer dabei<\/p>\n<p>22. <a href=\"http:\/\/terragina.de\/blog\/2013\/01\/16\/winter-und-mehr\/\" title=\"Ganz sch\u00c3\u00b6n dunkel\">ganz sch\u00c3\u00b6n dunkel<\/a><\/p>\n<p>23. leuchtend sch\u00c3\u00b6n<\/p>\n<p>24. F\u00c3\u00bcrs Wochenende<\/p>\n<p><a href=\"http:\/\/terragina.de\/blog\/2012\/12\/23\/weihnachtlich\/\" title=\"Weihnachtlich\">25. Weihnachtlich<\/a><\/p>\n<p>26. Rund um Ostern<\/p>\n<p>27. Handgemacht<\/p>\n<p>28. Superlecker<\/p>\n<p>29. <a href=\"http:\/\/terragina.de\/blog\/2012\/10\/13\/ausflug-in-die-alte-fasanerie\/\" title=\"Meine Fotos zum Thema Animalisch\">animalisch<\/a><\/p>\n<p>30. <a href=\"http:\/\/terragina.de\/blog\/2012\/10\/27\/weit-weg\/\" title=\"Weit weg\">weit weg<\/a><\/p>\n<p>31. Meine Lieblingsfarbe<\/p>\n<p>32. <a href=\"http:\/\/terragina.de\/blog\/2013\/01\/05\/uberraschung\/\" title=\"\u00c3\u0153berraschung\">\u00c3\u0153berraschung<\/a><\/p>\n<p>33. Mein Montag<\/p>\n<p>34. <a href=\"http:\/\/terragina.de\/blog\/2012\/09\/23\/das-neue-spielzeug-2\/\" title=\"Nigelnagelneu\">Nigelnagelneu<\/a><\/p>\n<p>35. spielend leicht<\/p>\n<p>36. herzlich<\/p>\n<p>37. <a href=\"http:\/\/terragina.de\/blog\/2012\/12\/06\/mein-lieblings-engelchen\/\" title=\"Mein(e) Lieblingsengelchen\">Mein Lieblings________<\/a><\/p>\n<p>38. <a href=\"http:\/\/terragina.de\/blog\/2012\/12\/16\/projekt-foto-und-mitbringsel\/\" title=\"Im Dunkeln\">im Dunkeln<\/a><\/p>\n<p>39. Mein Einkauf<\/p>\n<p>40. einfach draufgehalten<\/p>\n<p>41. landschaftlich<\/p>\n<p>42. dekorativ<\/p>\n<p>43. steinig<\/p>\n<p>44. <a href=\"http:\/\/terragina.de\/blog\/2012\/12\/29\/time-to-relax-2\/\" title=\"Kuschelig Weich\">kuschelig weich<\/a><\/p>\n<p>45. <a href=\"http:\/\/terragina.de\/blog\/2013\/01\/16\/winter-und-mehr\/\" title=\"Sportlich\">sportlich<\/a><\/p>\n<p>46. schon ziemlich alt<\/p>\n<p>47. <a href=\"http:\/\/terragina.de\/blog\/2012\/09\/21\/freitags-fuller-182-und-52-pics-of-a-year\/\" title=\"Bl\u00c3\u00bchend sch\u00c3\u00b6n\">bl\u00c3\u00bchend sch\u00c3\u00b6n<\/a><\/p>\n<p>48. Bodenblick<\/p>\n<p>49. <a href=\"http:\/\/terragina.de\/blog\/2012\/11\/09\/natur-kunst\/\" title=\"Thema 49: Kunst\">Kunst<\/a><\/p>\n<p>50. in meinem Heim<\/p>\n<p>51. das war gestern<\/p>\n<p>52. Mein Finalbild<\/p>\n","protected":false},"excerpt":{"rendered":"<p>Es ist mitten im Jahr, 2\/3 sind schon herum. Aber bei sch\u00c3\u00b6nen Fotoprojekten kann ich eigentlich selten widerstehen. Vor ein paar Tagen hat Martin eine tolle Idee gehabt. So toll, dass ich nun doch versuchen m\u00c3\u00b6chte, daran teil zu nehmen. Ich bin ja anfangs immer sehr motiviert, nur bei manchen Dingen l\u00c3\u00a4sst das dann doch im Laufe der Zeit, wie man vor zwei Jahren an einer anderen Blogaktion und in diesem Jahr bei \u00e2\u20ac\u017e12PetPix12\u00e2\u20ac\u009d leider auch wieder sehen konnte. Aber ich bin guten Willens. Aufgrund der Flexibilit\u00c3\u00a4t der Regeln denke ich, diese Sache ist machbar. ;) Wie das Ganze funktioniert, kannst Du am besten hier nachlesen. Hier nun die Liste der 52 Themen, die Martin sich f\u00c3\u00bcr uns ausgedacht hat. Ziel ist es, jedes Thema innerhalb eines Jahres \u00e2\u20ac\u017eabzuarbeiten\u00e2\u20ac\u009d, wobei die Reihenfolge frei w\u00c3\u00a4hlbar bleibt. Ich werde die Themen, die ich im Laufe der Zeit im Foto umgesetzt habe, in dieser Liste verlinken. Je sp\u00c3\u00a4ter im Jahr, desto gr\u00c3\u00b6\u00c3\u0178er die Herausforderung\u00e2\u20ac\u00a6 ich bin gespannt (und Ihr sicher auch). Vielleicht \u00c3\u00a4rgere ich mich ja auch in &hellip;<\/p>\n","protected":false},"author":1,"featured_media":0,"parent":0,"menu_order":0,"comment_status":"open","ping_status":"open","template":"","meta":{"footnotes":""},"class_list":["post-10374","page","type-page","status-publish","hentry"],"jetpack_sharing_enabled":true,"jetpack_shortlink":"https:\/\/wp.me\/Pq7aY-2Hk","jetpack_likes_enabled":true,"jetpack-related-posts":[],"_links":{"self":[{"href":"https:\/\/terragina.de\/blog\/wp-json\/wp\/v2\/pages\/10374","targetHints":{"allow":["GET"]}}],"collection":[{"href":"https:\/\/terragina.de\/blog\/wp-json\/wp\/v2\/pages"}],"about":[{"href":"https:\/\/terragina.de\/blog\/wp-json\/wp\/v2\/types\/page"}],"author":[{"embeddable":true,"href":"https:\/\/terragina.de\/blog\/wp-json\/wp\/v2\/users\/1"}],"replies":[{"embeddable":true,"href":"https:\/\/terragina.de\/blog\/wp-json\/wp\/v2\/comments?post=10374"}],"version-history":[{"count":0,"href":"https:\/\/terragina.de\/blog\/wp-json\/wp\/v2\/pages\/10374\/revisions"}],"wp:attachment":[{"href":"https:\/\/terragina.de\/blog\/wp-json\/wp\/v2\/media?parent=10374"}],"curies":[{"name":"wp","href":"https:\/\/api.w.org\/{rel}","templated":true}]}}

<p><a title="Martins 52 Pics Of The Year" href="http://www.dieblogbar.de/?p=5008"><img loading="lazy" decoding="async" src="http://terragina.de/blog/wp-content/uploads/2012/09/52_pics_of_a_year.jpg" width="100" height="100" alt="52_pics_of_a_year.jpg" style="float:left; margin-right:10px; margin-bottom:10px;" /></a> Es ist mitten im Jahr, 2/3 sind schon herum. Aber bei schÃ¶nen Fotoprojekten kann ich eigentlich selten widerstehen. Vor ein paar Tagen hat Martin eine tolle Idee gehabt. So toll, dass ich nun doch versuchen mÃ¶chte, daran teil zu nehmen. Ich bin ja anfangs immer sehr motiviert, nur bei manchen Dingen lÃ¤sst das dann doch im Laufe der Zeit, wie man vor zwei Jahren an einer anderen Blogaktion und in diesem Jahr bei â€ž12PetPix12â€ leider auch wieder sehen konnte. Aber ich bin guten Willens. Aufgrund der FlexibilitÃ¤t der Regeln denke ich, diese Sache ist machbar. ;)</p>
<p>Wie das Ganze funktioniert, kannst Du am besten <a href="http://www.dieblogbar.de/?p=5008" title="Martins Blogbar-Projekt â€ž52 Pics of the yearâ€">hier</a> nachlesen.</p>
<p>Hier nun die Liste der 52 Themen, die Martin sich fÃ¼r uns ausgedacht hat. Ziel ist es, jedes Thema innerhalb eines Jahres â€žabzuarbeitenâ€, wobei die Reihenfolge frei wÃ¤hlbar bleibt.</p>
<p>Ich werde die Themen, die ich im Laufe der Zeit im Foto umgesetzt habe, in dieser Liste verlinken. Je spÃ¤ter im Jahr, desto grÃ¶ÃŸer die Herausforderungâ€¦ ich bin gespannt (und Ihr sicher auch). Vielleicht Ã¤rgere ich mich ja auch in ein paar Monaten Ã¼ber mich, es wieder mal nicht geschafft zu haben.</p>
<p>Aber, lieber Martin, ich bin bemÃ¼ht! :yes1:</p>
<p></p>
<p>1. <a href="http://terragina.de/blog/2012/09/26/ganz-schon-finster/" title="Mein Blick aus dem Fenster">Mein Blick aus dem Fenster</a></p>
<p>2. <a href="http://terragina.de/blog/2012/10/07/sonntags-spaziergang/" title="Mein Beitrag zum Thema Wolkenreich">Wolkenreich</a></p>
<p>3. <a href="http://terragina.de/blog/2012/10/19/fruh-am-morgen/" title="FrÃ¼h am Morgen">frÃ¼h am Morgen</a></p>
<p>4. <a href="http://terragina.de/blog/2012/11/16/das-wochenende-ist-gerettet/" title="Ohne gehts nicht">Ohne gehts nicht</a></p>
<p>5. Neugierig</p>
<p>6. total bunt</p>
<p>7. WunderschÃ¶n</p>
<p>8. Erinnerungen</p>
<p>9. Unterwegs</p>
<p>10. ganz individuell</p>
<p>11. naturverbunden</p>
<p>12. motorisiert</p>
<p>13. <a href="http://terragina.de/blog/2012/11/25/die-kleinste-bibliothek-der-welt/" title="Die kleinste Bibliothek der Welt">UngewÃ¶hnlich</a></p>
<p>14. Es grÃ¼nt</p>
<p>15. â€œMein Heiligtumâ€</p>
<p>16. <a href="http://terragina.de/blog/2012/12/02/ganz-schon-nass/" title="ganz schÃ¶n nass">ganz schÃ¶n nass</a></p>
<p>17. richtig sÃ¼ÃŸ</p>
<p>18. Lieblingsplatz</p>
<p>19. lustig</p>
<p>20. ganz nah</p>
<p>21. immer dabei</p>
<p>22. <a href="http://terragina.de/blog/2013/01/16/winter-und-mehr/" title="Ganz schÃ¶n dunkel">ganz schÃ¶n dunkel</a></p>
<p>23. leuchtend schÃ¶n</p>
<p>24. FÃ¼rs Wochenende</p>
<p><a href="http://terragina.de/blog/2012/12/23/weihnachtlich/" title="Weihnachtlich">25. Weihnachtlich</a></p>
<p>26. Rund um Ostern</p>
<p>27. Handgemacht</p>
<p>28. Superlecker</p>
<p>29. <a href="http://terragina.de/blog/2012/10/13/ausflug-in-die-alte-fasanerie/" title="Meine Fotos zum Thema Animalisch">animalisch</a></p>
<p>30. <a href="http://terragina.de/blog/2012/10/27/weit-weg/" title="Weit weg">weit weg</a></p>
<p>31. Meine Lieblingsfarbe</p>
<p>32. <a href="http://terragina.de/blog/2013/01/05/uberraschung/" title="Ãœberraschung">Ãœberraschung</a></p>
<p>33. Mein Montag</p>
<p>34. <a href="http://terragina.de/blog/2012/09/23/das-neue-spielzeug-2/" title="Nigelnagelneu">Nigelnagelneu</a></p>
<p>35. spielend leicht</p>
<p>36. herzlich</p>
<p>37. <a href="http://terragina.de/blog/2012/12/06/mein-lieblings-engelchen/" title="Mein(e) Lieblingsengelchen">Mein Lieblings________</a></p>
<p>38. <a href="http://terragina.de/blog/2012/12/16/projekt-foto-und-mitbringsel/" title="Im Dunkeln">im Dunkeln</a></p>
<p>39. Mein Einkauf</p>
<p>40. einfach draufgehalten</p>
<p>41. landschaftlich</p>
<p>42. dekorativ</p>
<p>43. steinig</p>
<p>44. <a href="http://terragina.de/blog/2012/12/29/time-to-relax-2/" title="Kuschelig Weich">kuschelig weich</a></p>
<p>45. <a href="http://terragina.de/blog/2013/01/16/winter-und-mehr/" title="Sportlich">sportlich</a></p>
<p>46. schon ziemlich alt</p>
<p>47. <a href="http://terragina.de/blog/2012/09/21/freitags-fuller-182-und-52-pics-of-a-year/" title="BlÃ¼hend schÃ¶n">blÃ¼hend schÃ¶n</a></p>
<p>48. Bodenblick</p>
<p>49. <a href="http://terragina.de/blog/2012/11/09/natur-kunst/" title="Thema 49: Kunst">Kunst</a></p>
<p>50. in meinem Heim</p>
<p>51. das war gestern</p>
<p>52. Mein Finalbild</p>

<p>Es ist mitten im Jahr, 2/3 sind schon herum. Aber bei schÃ¶nen Fotoprojekten kann ich eigentlich selten widerstehen. Vor ein paar Tagen hat Martin eine tolle Idee gehabt. So toll, dass ich nun doch versuchen mÃ¶chte, daran teil zu nehmen. Ich bin ja anfangs immer sehr motiviert, nur bei manchen Dingen lÃ¤sst das dann doch im Laufe der Zeit, wie man vor zwei Jahren an einer anderen Blogaktion und in diesem Jahr bei â€ž12PetPix12â€ leider auch wieder sehen konnte. Aber ich bin guten Willens. Aufgrund der FlexibilitÃ¤t der Regeln denke ich, diese Sache ist machbar. ;) Wie das Ganze funktioniert, kannst Du am besten hier nachlesen. Hier nun die Liste der 52 Themen, die Martin sich fÃ¼r uns ausgedacht hat. Ziel ist es, jedes Thema innerhalb eines Jahres â€žabzuarbeitenâ€, wobei die Reihenfolge frei wÃ¤hlbar bleibt. Ich werde die Themen, die ich im Laufe der Zeit im Foto umgesetzt habe, in dieser Liste verlinken. Je spÃ¤ter im Jahr, desto grÃ¶ÃŸer die Herausforderungâ€¦ ich bin gespannt (und Ihr sicher auch). Vielleicht Ã¤rgere ich mich ja auch in &hellip;</p>
